t w(p) = -p**3 + 20*p**2 - 4*p - 467. What is w(13)?
664
Let r(w) = -56*w - 1675. What is r(-50)?
1125
Let g(y) = -490*y**3 + 4395*y**2 + 140*y - 22. What is g(9)?
23
Let v(o) = -16723*o - 50025. What is v(-3)?
144
Let f(h) = -1337*h - 36141. Calculate f(-27).
-42
Let t(m) = -224*m - 27694. Give t(-124).
82
Let t(a) = a**3 + 57*a**2 - 1037*a + 4132. Calculate t(8).
-4
Let z(k) = -12*k**3 + 116*k**2 + 116*k - 998. Calculate z(10).
-238
Let x(i) = -6*i**2 - 51128*i - 408632. Give x(-8).
8
Let l(g) = 5*g**2 + 394*g - 75. Calculate l(-83).
1668
Let g(q) = 2*q**3 + 610*q**2 + 3539*q - 14643. Determine g(-299).
8
Let n(k) = 806*k + 384434. Calculate n(-477).
-28
Let c(t) = -200*t - 89002. Determine c(-445).
-2
Let a(f) = 10*f**2 - 630*f - 18673. What is a(-22)?
27
Let n(z) = -654454*z + 34686067. Calculate n(53).
5
Let m(d) = 2909*d - 32667. Determine m(12).
2241
Let p(a) = -182*a - 11254. Give p(-61).
-152
Let d(i) = i**3 + 310*i**2 + 3567*i - 112. Determine d(-12).
-4
Let y(n) = 3*n**2 + 47310*n + 141908. What is y(-3)?
5
Let j(l) = -20*l**3 - 2276*l**2 + 455*l + 85. Give j(-114).
199
Let a(m) = 8*m**3 - 6*m**2 + 216*m + 880. Calculate a(-4).
-592
Let k(v) = -v**2 - 75*v + 748. What is k(9)?
-8
Let i(s) = -s**3 + 15*s**2 - 15138*s + 320546. Give i(21).
2
Let g(m) = -m**2 - 545*m - 74389. What is g(-279)?
-175
Let s(q) = -126*q**2 - 1463*q - 2022. Determine s(-10).
8
Let c(t) = 1330*t + 202166. Calculate c(-152).
6
Let g(o) = 12237*o + 122452. What is g(-10)?
82
Let y(z) = 1137*z - 69004. Determine y(60).
-784
Let i(c) = -c**3 + 8*c**2 - 30191*c + 241542. Give i(8).
14
Let f(p) = 155*p**2 - 79*p - 93. Calculate f(2).
369
Let v(d) = d**3 - 37*d**2 + 265*d - 15. What is v(27)?
-150
Let y(u) = 18*u**2 - 795*u + 6255. Determine y(10).
105
Let r(x) = 291*x - 3706. Calculate r(13).
77
Let m(g) = -5*g**3 + 8*g**2 - 35*g + 253. What is m(5)?
-347
Let b(d) = -3*d**2 - 9334*d + 121877. Calculate b(13).
28
Let h(g) = 18*g**2 + 207*g + 291. Determine h(-13).
642
Let r(b) = -762*b + 72488. Determine r(99).
-2950
Let n(d) = -4596*d + 33483. Give n(7).
1311
Let n(h) = -390*h**2 - 16376*h + 76. Calculate n(-42).
-92
Let i(w) = w**2 + 173*w + 7371. Give i(-69).
195
Let h(c) = -1650*c**2 + 4272*c + 2031. What is h(3)?
-3
Let n(w) = 2*w**2 - 2652*w + 608302. Calculate n(1031).
12
Let b(i) = 594*i + 294619. Calculate b(-496).
-5
Let m(l) = 4*l**2 + 11617*l - 104983. Give m(9).
-106
Let o(d) = -d**3 - 421*d**2 - 44003*d + 234. Determine o(-193).
41
Let y(t) = -536*t - 28191. Calculate y(-53).
217
Let k(z) = 1071*z + 264575. Give k(-247).
38
Let l(y) = 3*y**3 - 112*y**2 + 235*y - 4156. Calculate l(36).
-880
Let f(g) = -g**3 + 161*g**2 - 2387*g + 154880. Give f(152).
-8
Let s(u) = 2*u**3 + 8*u**2 - 409*u - 1253. What is s(-3)?
-8
Let a(t) = 3609*t + 10901. Determine a(-3).
74
Let a(l) = -l**2 + 466*l - 43531. Calculate a(129).
-58
Let n(z) = -7*z**2 - 86*z - 242. Calculate n(-8).
-2
Let m(z) = -18566*z - 724091. What is m(-39)?
-17
Let x(p) = 3*p**2 - 588*p - 15132. Give x(-23).
-21
Let h(m) = -1053*m + 43182. Give h(41).
9
Let d(a) = -3*a**2 + 1469*a - 19923. Give d(14).
55
Let v(q) = -7*q**3 - 105*q**2 + 291*q + 4340. Calculate v(-15).
-25
Let f(q) = -q**3 + 175*q**2 - 6384*q - 737. What is f(52)?
-113
Let y(j) = j**3 + 738*j**2 + 5898*j + 460. Determine y(-8).
-4
Let z(g) = g**2 + 1266*g + 20082. What is z(-16)?
82
Let u(a) = -2*a**2 - 760*a + 2979. Determine u(4).
-93
Let w(l) = 6*l**3 + l**2 + 21*l - 106. What is w(6)?
1352
Let s(p) = -73*p**2 + 80*p - 369. Give s(5).
-1794
Let k(i) = -9*i**2 + 185*i - 3067. Calculate k(14).
-2241
Let u(q) = -3480*q + 128704. Give u(37).
-56
Let u(p) = -2*p**3 - 24*p**2 - 167*p - 689. Calculate u(-7).
-10
Let g(r) = 8338*r + 892159. Determine g(-107).
-7
Let z(k) = -300*k**2 - 129*k + 8133. Give z(5).
-12
Let t(z) = -141*z - 3917. Determine t(-26).
-251
Let x(f) = -622*f**2 + 32966*f + 31. Give x(53).
31
Let c(q) = -5*q**2 - 331*q - 4528. Determine c(-14).
-874
Let n(c) = -23*c**3 - 806*c**2 - 47*c - 410. Determine n(-35).
10
Let d(w) = 40*w**3 + 6*w**2 - 23*w + 28. Determine d(3).
1093
Let n(b) = b**3 - 14*b**2 - 535*b - 1996. Calculate n(-14).
6
Let j(q) = -11*q**2 - 358*q - 1528. Calculate j(-5).
-13
Let s(c) = 2*c**3 + 100*c**2 - 1632*c + 342. What is s(-63)?
-36
Let n(b) = 917*b - 9871. What is n(11)?
216
Let y(l) = -l**3 - 11*l**2 + 48*l + 420. What is y(-12)?
-12
Let c(f) = -f**3 - 120854*f**2 - 11472103*f + 194. What is c(-95)?
4
Let x(r) = -3*r**3 - 307*r**2 + 208*r + 157. Give x(-103).
-49
Let o(k) = 6*k**2 - 316*k + 1463. Give o(35).
-2247
Let i(x) = -31*x**2 - 2968*x - 14825. Give i(-5).
-760
Let y(n) = 3*n**2 - 9*n - 688. Determine y(-21).
824
Let x(b) = -2006*b + 42508. Determine x(18).
6400
Let i(s) = 4*s**2 - 180*s - 7755. Determine i(-27).
21
Let r(m) = 2*m**3 + m**2 + 47*m + 457. Calculate r(-8).
-879
Let u(g) = -4606*g + 198085. Determine u(43).
27
Let y(v) = 3430*v - 20272. Determine y(6).
308
Let t(a) = 2*a**2 - 24*a + 26. Calculate t(-8).
346
Let z(g) = 600*g**2 + 1175*g - 75. What is z(-2)?
-25
Let n(t) = -3257*t - 58376. Calculate n(-18).
250
Let s(a) = a**2 + 811233*a - 35696182. Calculate s(44).
6
Let l(a) = 3*a**3 - 483*a**2 + 95*a - 15290. Determine l(161).
5
Let l(r) = -6*r**2 + 86*r + 298. What is l(-3)?
-14
Let b(h) = -h**2 + 6256*h - 390. Give b(0).
-390
Let v(h) = -h + 195. Give v(11).
184
Let l(m) = 7*m**2 + 17*m - 2811. Calculate l(-24).
813
Let i(v) = v**2 - 15412*v + 107793. Determine i(7).
-42
Let v(d) = d**2 - 52*d - 345069. Give v(614).
-1
Let a(l) = 1093*l + 13079. Calculate a(-12).
-37
Let f(m) = -2*m**2 - 9609*m + 125237. Calculate f(13).
-18
Let l(x) = -260660*x + 1303322. What is l(5)?
22
Let t(w) = -16*w**2 - 53*w + 619. Give t(6).
-275
Let v(b) = b**2 + 1547*b - 31363. Give v(20).
-23
Let z(l) = -4*l**2 - 4039*l + 553529. Calculate z(-1132).
-19
Let r(x) = -926*x - 342. Calculate r(-1).
584
Let c(i) = 5042*i - 660514. Calculate c(131).
-12
Let w(x) = -15*x**3 + 115*x**2 + 26*x + 50. What is w(8)?
-62
Let f(y) = 66225*y + 463591. Determine f(-7).
16
Let j(b) = -2852*b + 239588. Give j(84).
20
Let u(d) = 158*d + 4509. Give u(-33).
-705
Let c(u) = u**3 - 46*u**2 - 93*u + 4346. What is c(46)?
68
Let l(g) = -17*g**3 - 4081*g**2 - 226*g + 3393. What is l(-240)?
33
Let x(s) = 1597*s + 6255. Give x(-4).
-133
Let u(x) = 2*x**3 - 108*x**2 - 210*x - 243. Calculate u(56).
541
Let p(y) = -14302*y + 171605. Calculate p(12).
-19
Let s(h) = -1027*h + 8864. Calculate s(9).
-379
Let y(o) = 566887*o - 7936420. Determine y(14).
-2
Let z(r) = -4*r**2 + 416*r + 100740. Determine z(-115).
0
Let a(y) = 4*y**3 + 397*y**2 + 87*y - 1158. Calculate a(-99).
30
Let l(c) = -130211*c - 1953176. Determine l(-15).
-11
Let t(c) = c**3 + 30*c**2 + 1482*c + 42232. Give t(-29).
95
Let s(j) = j**2 + 132*j + 3174. Determine s(-31).
43
Let i(p) = -21*p**3 + 2477*p**2 + 119*p + 107. What is i(118)?
225
Let j(s) = -s**3 - 7*s**2 - 13*s - 6. Give j(-9).
273
Let z(b) = 8*b**3 - 206*b**2 - 65*b + 40. Calculate z(26).
-298
Let v(a) = -1755*a - 228156. What is v(-130)?
-6
Let y(p) = 2*p**3 + 10*p**2 - 120*p + 620. Calculate y(-12).
44
Let t(a) = -228*a - 1432. Calculate t(-6).
-64
Let k(j) = -j**3 + 282*j**2 - 341*j + 96161. Give k(282).
-1
Let t(o) = -2081*o + 118568. Calculate t(57).
-49
Let p(m) = -26938*m + 538740. Calculate p(20).
-20
Let v(r) = -143*r**2 + 24441*r + 2043. What is v(171)?
-9
Let n(f) = -2*f**3 - 67*f**2 - 113*f - 607. What is n(-32)?
-63
Let h(b) = -b**2 - 321*b - 10769. Give h(-36).
-509
Let k(h) = 7604*h - 334185. Determine k(44).
391
Let a(i) = 17105*i + 2565748. Calculate a(-150).
-2
Let o(y) = 9274*y + 324609. Give o(-35).
19
Let t(q) = -2332*q + 4534. Calculate t(2).
-130
Let k(o) = 6*o**2 + 564*o + 12336. Calculate k(-35).
-54
Let u(n) = -n**3 - 40*n**2 + 729*n + 31919. What is u(-40)?
2759
Let n(w) = -15*w**2 + 381*w - 138. Give n(23).
690
Let j(n) = -358*n**2 + 88794*n - 2468. Determine j(248).
12
Let q(p) = 3*p**2 - 62*p - 2977. Calculate q(-22).
-161
Let d(c) = -c**3 - 88*c**2 + 1422*c - 651. Calculate d(-102).
-39
Let m(x) = 3739*x**2 - 26160*x - 94. Determine m(7).
-3
Let q(m) = 1625*m - 71696. Calculate q(45).
1429
Let x(q) = -5*q**3 + 2392*q**2 + 1434*q + 1143. Give x(479).
-294
Let t(a) = -8